{"id":384,"date":"2022-04-22T09:07:06","date_gmt":"2022-04-22T09:07:06","guid":{"rendered":"https:\/\/investeringogklima.dk\/?page_id=384"},"modified":"2024-01-31T15:23:42","modified_gmt":"2024-01-31T15:23:42","slug":"om-os","status":"publish","type":"page","link":"https:\/\/investeringogklima.dk\/index.php\/om-os\/","title":{"rendered":"Om os"},"content":{"rendered":"<h1>\n<h1 class=\"uk-position-relative uk-text-center\" data-id=\"page#0-0-0-0\" style=\"text-align: center;\">Om os<\/h1>\n<\/h1>\n<div>\n<div style=\"text-align: center;\"><span>B\u00e6redygtighed betyder at vi passer p\u00e5 de ressourcer vi har, s\u00e5 fremtidige generationer ogs\u00e5 kan f\u00e5 gavn af naturens ressourcer. Vi m\u00e5 ikke stille de n\u00e6ste generationer d\u00e5rligere.<\/span><\/div>\n<div><\/div>\n<div><\/div>\n<div><\/div>\n<\/div>\n<div>\n<p>Investering &#038; Klima er dedikeret til at g\u00f8re klimaregnskaber og ESG-rapporter tilg\u00e6ngelige og overkommelige for alle sm\u00e5-og mellemstore virksomheder. <\/p>\n<p>Vores m\u00e5l er, at enhver virksomhed, uanset st\u00f8rrelse, skal have mulighed for at bidrage til den gr\u00f8nne omstilling.<\/p>\n<\/div>\n<p><img decoding=\"async\" src=\"\/wp-content\/uploads\/2024\/01\/esg.jpg\" alt=\"\"><br \/>\n<img decoding=\"async\" src=\"\/wp-content\/uploads\/2022\/11\/iStock-1345672063-kopi.jpg\" alt=\"\"><\/p>\n<div>\n<p>Vi er her for at g\u00f8re det nemmere for alle sm\u00e5- og mellemstore virksomheder at forst\u00e5 og tale om klima og b\u00e6redygtighed.<\/p>\n<p>Investering og Klima\u2019s overordnede ambition er at hj\u00e6lpe virksomheder med at blive mere milj\u00f8venlige uden at g\u00f8re det komplekst. Vores team af B\u00e6redygtighedskoordinatorer er her for at guide og navigere dig ind i den gr\u00f8nne omstilling. <\/p>\n<p>Vi tilbyder budgetvenlige klimaregnskaber og ESG-rapporter, s\u00e5 alle virksomheder kan v\u00e6re med. Se, hvordan vores tjenester kan hj\u00e6lpe dig med at v\u00e6re mere gr\u00f8n uden at spr\u00e6nge budgettet.<\/p>\n<\/div>\n<div>\n<h4>Kontakt os<\/h4>\n<p>Har du sp\u00f8rgsm\u00e5l eller \u00f8nsker du et bes\u00f8g af vores chefkonsulent? <a href=\"https:\/\/investeringogklima.dk\/index.php\/kontakt\/\">Skriv eller ring til os<\/a>. Vi ser frem til at hj\u00e6lpe din virksomhed.<\/p>\n<\/div>\n<h1>\n<h4>Bestyrelse<\/h4>\n<\/h1>\n<p><img decoding=\"async\" src=\"\/wp-content\/uploads\/2022\/04\/Leif-Beck-3aa487dc.jpeg\" alt=\"\"><\/p>\n<div>\n<p><span>Leif Beck-Fallesen<\/span><\/p>\n<\/div>\n<div>\n<h6><span>FORMAND FOR BESTYRELSEN<\/span><\/h6>\n<\/div>\n<div>\n<p><span>Uddannet Cand.scient.pol og har erfaring som administrerende direkt\u00f8r og chefredakt\u00f8r fra Dagbladet B\u00f8rsen. Leif Beck Fallesen er i dag kendt som \u00f8konomisk kommentator p\u00e5 TV2 og agerer yderligere som bestyrelsesformand for Scandinavian Informa\u00adtion Audit.<\/span><\/p>\n<\/div>\n<p><img decoding=\"async\" src=\"\/wp-content\/uploads\/2022\/04\/admin-ajax.php_.png\" alt=\"\"><\/p>\n<div>\n<p><span>Uffe Steiner Jensen<\/span><\/p>\n<\/div>\n<div>\n<h6><span>MEDLEM AF BESTYRELSEN<\/span><\/h6>\n<\/div>\n<div>\n<p><span>Uddannet Civilingeni\u00f8r fra DTU og har en lang karriere bag sig hos Elsam og Eltra. Uffe Steiner Jensen var borgmester i Fredericia i en periode p\u00e5 12 \u00e5r, hvor Fredericia blandet andet var \u201ddansk mester\u201d i salg af erhvervsjord gennem blandt andre projektet \u201dDanmark C\u201d. Uffe Steiner Jensen har stor bestyrelseserfaring fra eksempelvis ADP\/Fredericia Havn, sit virke som bestyrelsesformand for danske havne, Domea og som bestyrelsesformand for Naturbydelen Ringk\u00f8bing K<\/span><\/p>\n<\/div>\n<p><img decoding=\"async\" src=\"\/wp-content\/uploads\/2022\/04\/92451078_531468671141627_6634364805933170688_n-2.jpeg\" alt=\"\"><\/p>\n<div>\n<p><span>Line Baun Danielsen<\/span><\/p>\n<\/div>\n<div>\n<h6><span>MEDLEM AF BESTYRELSEN<\/span><\/h6>\n<\/div>\n<div>\n<p>Journalist og forhenv\u00e6rende TV-v\u00e6rt. Line har 30 \u00e5rs erfaring fra TV-branchen med bl.a Nyheder og debatprogrammer. Line arbejder i dag som selvst\u00e6ndig medie- og kommunikationsr\u00e5dgiver, blogger og influencer, hvor hendes fokus s\u00e6rligt er rettet mod 50+segmentet.<\/p>\n<p>Line ejer virksomheden LBD Kommunikation Aps og driver bloggen \u2019P\u00e5 bloggen med Line\u2019. Hun er tillige aktiv i virksomheden Marbella Fitnesscamp.<\/p>\n<\/div>\n<h1>\n<h4>Medarbejdere<\/h4>\n<\/h1>\n<p><img decoding=\"async\" src=\"\/wp-content\/uploads\/2022\/04\/1588069778882-1.jpeg\" alt=\"\"><\/p>\n<div>\n<p><span>Bjarke Wolmar<\/span><\/p>\n<\/div>\n<div>\n<h6><span>Direkt\u00f8r og stifter<\/span><\/h6>\n<\/div>\n<div>\n<p><a href=\"mailto:bw@investeringog.dk\">bw@investeringog.dk<\/a><\/p>\n<\/div>\n<p><img decoding=\"async\" src=\"\/wp-content\/uploads\/2022\/04\/IMG_7022.jpg\" alt=\"\"><\/p>\n<div>\n<p><span>Mathias Svinth<\/span><\/p>\n<\/div>\n<div>\n<h6><span>\u00d8konomiansvarlig<\/span><\/h6>\n<\/div>\n<div>\n<p><a href=\"mailto:mhs@investeringog.dk\">mhs@investeringog.dk<\/a><\/p>\n<\/div>\n<p><img decoding=\"async\" src=\"\/wp-content\/uploads\/2024\/01\/mette.png\" alt=\"\"><\/p>\n<div>\n<p><span>Mette Schmidt<\/span><\/p>\n<\/div>\n<div>\n<h6><span>Chefkonsulent og b\u00e6redygtighedskoordinator<\/span><\/h6>\n<\/div>\n<div>\n<p><a href=\"mailto:mes@investeringog.dk\">mes@investeringog.dk<\/a><br \/><a href=\"tel:+4593882413\">Tlf. 93 88 24 13<\/a><\/p>\n<\/p>\n<\/div>\n<p><img decoding=\"async\" src=\"\/wp-content\/uploads\/2024\/01\/frank.jpg\" alt=\"\"><\/p>\n<div>\n<p><span>Frank Ib Andersen<\/span><\/p>\n<\/div>\n<div>\n<h6><span>Freelance B\u00e6redygtighedskoordinator<\/span><\/h6>\n<\/div>\n<div>\n<p><a href=\"tel:+4551923035\">Tlf. 51 92 30 35<\/a><\/p>\n<\/div>\n<p><!--more--><br \/>\n<!-- {\"type\":\"layout\",\"children\":[{\"type\":\"section\",\"props\":{\"image_position\":\"center-center\",\"style\":\"primary\",\"title_breakpoint\":\"xl\",\"title_position\":\"top-left\",\"title_rotation\":\"left\",\"vertical_align\":\"middle\",\"width\":\"default\"},\"children\":[{\"type\":\"row\",\"children\":[{\"type\":\"column\",\"props\":{\"image_position\":\"center-center\",\"position_sticky_breakpoint\":\"m\"},\"children\":[{\"type\":\"headline\",\"props\":{\"content\":\"\n\n<h1 class=\\\"uk-position-relative uk-text-center\\\" data-id=\\\"page#0-0-0-0\\\" style=\\\"text-align: center;\\\">Om os<\\\/h1>\",\"title_element\":\"h1\"}},{\"type\":\"text\",\"props\":{\"block_align\":\"center\",\"column_breakpoint\":\"m\",\"content\":\"\n\n<div style=\\\"text-align: center;\\\"><span>B\\u00e6redygtighed betyder at vi passer p\\u00e5 de ressourcer vi har, s\\u00e5 fremtidige generationer ogs\\u00e5 kan f\\u00e5 gavn af naturens ressourcer. Vi m\\u00e5 ikke stille de n\\u00e6ste generationer d\\u00e5rligere.<\\\/span><\\\/div>\\n\n\n<div><\\\/div>\\n\n\n<div><\\\/div>\\n\n\n<div><\\\/div>\",\"margin\":\"default\",\"maxwidth\":\"2xlarge\"}}]}]}]},{\"type\":\"section\",\"props\":{\"image_position\":\"center-center\",\"style\":\"default\",\"title_breakpoint\":\"xl\",\"title_position\":\"top-left\",\"title_rotation\":\"left\",\"vertical_align\":\"middle\",\"width\":\"default\"},\"children\":[{\"type\":\"row\",\"props\":{\"layout\":\"1-2,1-2\"},\"children\":[{\"type\":\"column\",\"props\":{\"id\":\"#vision\",\"image_position\":\"center-center\",\"position_sticky_breakpoint\":\"m\",\"width_medium\":\"1-2\"},\"children\":[{\"type\":\"text\",\"props\":{\"column_breakpoint\":\"m\",\"content\":\"\n\n<p>Investering & Klima er dedikeret til at g\\u00f8re klimaregnskaber og ESG-rapporter tilg\\u00e6ngelige og overkommelige for alle sm\\u00e5-og mellemstore virksomheder. \n\nVores m\\u00e5l er, at enhver virksomhed, uanset st\\u00f8rrelse, skal have mulighed for at bidrage til den gr\\u00f8nne omstilling.<\\\/p>\",\"margin\":\"default\",\"position\":\"relative\",\"position_top\":\"100\"}}]},{\"type\":\"column\",\"props\":{\"image_effect\":\"parallax\",\"image_height\":\"175\",\"image_parallax_bgy\":\"-50,50\",\"image_parallax_easing\":\"1\",\"image_position\":\"top-right\",\"image_width\":\"300\",\"position_sticky_breakpoint\":\"m\",\"vertical_align\":\"middle\",\"width_medium\":\"1-2\"},\"children\":[{\"type\":\"image\",\"props\":{\"image\":\"wp-content\\\/uploads\\\/2024\\\/01\\\/esg.jpg\",\"image_svg_color\":\"emphasis\",\"margin\":\"default\"}}]}]}]},{\"type\":\"section\",\"props\":{\"image_position\":\"center-center\",\"style\":\"default\",\"title_breakpoint\":\"xl\",\"title_position\":\"top-left\",\"title_rotation\":\"left\",\"vertical_align\":\"middle\",\"width\":\"default\"},\"children\":[{\"type\":\"row\",\"props\":{\"layout\":\"1-2,1-2\"},\"children\":[{\"type\":\"column\",\"props\":{\"id\":\"#vision\",\"image_position\":\"center-center\",\"position_sticky_breakpoint\":\"m\",\"width_medium\":\"1-2\"},\"children\":[{\"type\":\"image\",\"props\":{\"image\":\"wp-content\\\/uploads\\\/2022\\\/11\\\/iStock-1345672063-kopi.jpg\",\"image_svg_color\":\"emphasis\",\"margin\":\"default\"}}]},{\"type\":\"column\",\"props\":{\"image_effect\":\"parallax\",\"image_height\":\"175\",\"image_parallax_bgy\":\"-50,50\",\"image_parallax_easing\":\"1\",\"image_position\":\"top-right\",\"image_width\":\"300\",\"position_sticky_breakpoint\":\"m\",\"vertical_align\":\"middle\",\"width_medium\":\"1-2\"},\"children\":[{\"type\":\"text\",\"props\":{\"column_breakpoint\":\"m\",\"content\":\"\n\n<p>Vi er her for at g\\u00f8re det nemmere for alle sm\\u00e5- og mellemstore virksomheder at forst\\u00e5 og tale om klima og b\\u00e6redygtighed.\n\n\\nInvestering og Klima\\u2019s overordnede ambition er at hj\\u00e6lpe virksomheder med at blive mere milj\\u00f8venlige uden at g\\u00f8re det komplekst. Vores team af B\\u00e6redygtighedskoordinatorer er her for at guide og navigere dig ind i den gr\\u00f8nne omstilling. \n\n\\nVi tilbyder budgetvenlige klimaregnskaber og ESG-rapporter, s\\u00e5 alle virksomheder kan v\\u00e6re med. Se, hvordan vores tjenester kan hj\\u00e6lpe dig med at v\\u00e6re mere gr\\u00f8n uden at spr\\u00e6nge budgettet.<\\\/p>\",\"margin\":\"default\"}},{\"type\":\"text\",\"props\":{\"column_breakpoint\":\"m\",\"content\":\"\n\n<h4>Kontakt os<\\\/h4>\\n\n\n<p>Har du sp\\u00f8rgsm\\u00e5l eller \\u00f8nsker du et bes\\u00f8g af vores chefkonsulent? <a href=\\\"https:\\\/\\\/investeringogklima.dk\\\/index.php\\\/kontakt\\\/\\\">Skriv eller ring til os<\\\/a>. Vi ser frem til at hj\\u00e6lpe din virksomhed.<\\\/p>\",\"margin\":\"default\",\"position\":\"relative\",\"position_top\":\"20\"}}]}]}]},{\"type\":\"section\",\"props\":{\"image_position\":\"center-center\",\"style\":\"default\",\"title_breakpoint\":\"xl\",\"title_position\":\"top-left\",\"title_rotation\":\"left\",\"vertical_align\":\"middle\",\"width\":\"default\"},\"children\":[{\"type\":\"row\",\"children\":[{\"type\":\"column\",\"props\":{\"image_position\":\"center-center\",\"position_sticky_breakpoint\":\"m\"},\"children\":[{\"type\":\"headline\",\"props\":{\"content\":\"\n\n<h4>Bestyrelse<\\\/h4>\",\"title_element\":\"h1\"}}]}]},{\"type\":\"row\",\"props\":{\"divider\":false,\"layout\":\"1-3,1-3,1-3\"},\"children\":[{\"type\":\"column\",\"props\":{\"image_position\":\"center-center\",\"position_sticky_breakpoint\":\"m\",\"width_medium\":\"1-3\"},\"children\":[{\"type\":\"image\",\"props\":{\"animation\":\"scale-up\",\"image\":\"wp-content\\\/uploads\\\/2022\\\/04\\\/Leif-Beck-3aa487dc.jpeg\",\"image_height\":\"300\",\"image_svg_color\":\"emphasis\",\"image_width\":\"300\",\"margin\":\"default\"}},{\"type\":\"text\",\"props\":{\"column_breakpoint\":\"m\",\"content\":\"\n\n<p><span>Leif Beck-Fallesen<\\\/span><\\\/p>\",\"margin\":\"default\",\"text_style\":\"lead\"}},{\"type\":\"text\",\"props\":{\"column_breakpoint\":\"m\",\"content\":\"\n\n<h6><span>FORMAND FOR BESTYRELSEN<\\\/span><\\\/h6>\",\"margin\":\"default\"}},{\"type\":\"text\",\"props\":{\"column_breakpoint\":\"m\",\"content\":\"\n\n<p><span>Uddannet Cand.scient.pol og har erfaring som administrerende direkt\\u00f8r og chefredakt\\u00f8r fra Dagbladet B\\u00f8rsen. Leif Beck Fallesen er i dag kendt som \\u00f8konomisk kommentator p\\u00e5 TV2 og agerer yderligere som bestyrelsesformand for Scandinavian Informa\\u00adtion Audit.<\\\/span><\\\/p>\",\"margin\":\"default\",\"maxwidth\":\"medium\"}}]},{\"type\":\"column\",\"props\":{\"image_position\":\"center-center\",\"position_sticky_breakpoint\":\"m\",\"width_medium\":\"1-3\"},\"children\":[{\"type\":\"image\",\"props\":{\"animation\":\"scale-up\",\"image\":\"wp-content\\\/uploads\\\/2022\\\/04\\\/admin-ajax.php_.png\",\"image_svg_color\":\"emphasis\",\"margin\":\"default\"}},{\"type\":\"text\",\"props\":{\"column_breakpoint\":\"m\",\"content\":\"\n\n<p><span>Uffe Steiner Jensen<\\\/span><\\\/p>\",\"margin\":\"default\",\"text_style\":\"lead\"}},{\"type\":\"text\",\"props\":{\"column_breakpoint\":\"m\",\"content\":\"\n\n<h6><span>MEDLEM AF BESTYRELSEN<\\\/span><\\\/h6>\",\"margin\":\"default\"}},{\"type\":\"text\",\"props\":{\"column_breakpoint\":\"m\",\"content\":\"\n\n<p><span>Uddannet Civilingeni\\u00f8r fra DTU og har en lang karriere bag sig hos Elsam og Eltra. Uffe Steiner Jensen var borgmester i Fredericia i en periode p\\u00e5 12 \\u00e5r, hvor Fredericia blandet andet var \\u201ddansk mester\\u201d i salg af erhvervsjord gennem blandt andre projektet \\u201dDanmark C\\u201d. Uffe Steiner Jensen har stor bestyrelseserfaring fra eksempelvis ADP\\\/Fredericia Havn, sit virke som bestyrelsesformand for danske havne, Domea og som bestyrelsesformand for Naturbydelen Ringk\\u00f8bing K<\\\/span><\\\/p>\",\"margin\":\"default\",\"maxwidth\":\"medium\"}}]},{\"type\":\"column\",\"props\":{\"image_position\":\"center-center\",\"position_sticky_breakpoint\":\"m\",\"width_medium\":\"1-3\"},\"children\":[{\"type\":\"image\",\"props\":{\"animation\":\"scale-up\",\"image\":\"wp-content\\\/uploads\\\/2022\\\/04\\\/92451078_531468671141627_6634364805933170688_n-2.jpeg\",\"image_height\":\"300\",\"image_svg_color\":\"emphasis\",\"image_width\":\"300\",\"margin\":\"default\"}},{\"type\":\"text\",\"props\":{\"column_breakpoint\":\"m\",\"content\":\"\n\n<p><span>Line Baun Danielsen<\\\/span><\\\/p>\",\"margin\":\"default\",\"text_style\":\"lead\"}},{\"type\":\"text\",\"props\":{\"column_breakpoint\":\"m\",\"content\":\"\n\n<h6><span>MEDLEM AF BESTYRELSEN<\\\/span><\\\/h6>\",\"margin\":\"default\"}},{\"type\":\"text\",\"props\":{\"column_breakpoint\":\"m\",\"content\":\"\n\n<p>Journalist og forhenv\\u00e6rende TV-v\\u00e6rt. Line har 30 \\u00e5rs erfaring fra TV-branchen med bl.a Nyheder og debatprogrammer. Line arbejder i dag som selvst\\u00e6ndig medie- og kommunikationsr\\u00e5dgiver, blogger og influencer, hvor hendes fokus s\\u00e6rligt er rettet mod 50+segmentet.<\\\/p>\\n\n\n<p>Line ejer virksomheden LBD Kommunikation Aps og driver bloggen \\u2019P\\u00e5 bloggen med Line\\u2019. Hun er tillige aktiv i virksomheden Marbella Fitnesscamp.<\\\/p>\",\"margin\":\"default\",\"maxwidth\":\"medium\"}}]}]},{\"type\":\"row\",\"children\":[{\"type\":\"column\",\"props\":{\"image_position\":\"center-center\",\"position_sticky_breakpoint\":\"m\"},\"children\":[{\"type\":\"headline\",\"props\":{\"content\":\"\n\n<h4>Medarbejdere<\\\/h4>\",\"title_element\":\"h1\"}}]}]},{\"type\":\"row\",\"props\":{\"layout\":\"1-4,1-4,1-4,1-4|1-2,1-2,1-2,1-2\"},\"children\":[{\"type\":\"column\",\"props\":{\"image_position\":\"center-center\",\"position_sticky_breakpoint\":\"m\",\"width_medium\":\"1-4\",\"width_small\":\"1-2\"},\"children\":[{\"type\":\"image\",\"props\":{\"image\":\"wp-content\\\/uploads\\\/2022\\\/04\\\/1588069778882-1.jpeg\",\"image_height\":\"300\",\"image_svg_color\":\"emphasis\",\"image_width\":\"300\",\"margin\":\"default\"}},{\"type\":\"text\",\"props\":{\"column_breakpoint\":\"m\",\"content\":\"\n\n<p><span>Bjarke Wolmar<\\\/span><\\\/p>\",\"margin\":\"default\",\"text_style\":\"lead\"}},{\"type\":\"text\",\"props\":{\"column_breakpoint\":\"m\",\"content\":\"\n\n<h6><span>Direkt\\u00f8r og stifter<\\\/span><\\\/h6>\",\"margin\":\"default\",\"text_style\":\"meta\"}},{\"type\":\"text\",\"props\":{\"column_breakpoint\":\"m\",\"content\":\"\n\n<p><a href=\\\"mailto:bw@investeringog.dk\\\">bw@investeringog.dk<\\\/a><\\\/p>\",\"margin\":\"default\"}}]},{\"type\":\"column\",\"props\":{\"image_position\":\"center-center\",\"position_sticky_breakpoint\":\"m\",\"width_medium\":\"1-4\",\"width_small\":\"1-2\"},\"children\":[{\"type\":\"image\",\"props\":{\"image\":\"wp-content\\\/uploads\\\/2022\\\/04\\\/IMG_7022.jpg\",\"image_height\":\"300\",\"image_svg_color\":\"emphasis\",\"image_width\":\"300\",\"margin\":\"default\"}},{\"type\":\"text\",\"props\":{\"column_breakpoint\":\"m\",\"content\":\"\n\n<p><span>Mathias Svinth<\\\/span><\\\/p>\",\"margin\":\"default\",\"text_style\":\"lead\"}},{\"type\":\"text\",\"props\":{\"column_breakpoint\":\"m\",\"content\":\"\n\n<h6><span>\\u00d8konomiansvarlig<\\\/span><\\\/h6>\",\"margin\":\"default\",\"text_style\":\"meta\"}},{\"type\":\"text\",\"props\":{\"column_breakpoint\":\"m\",\"content\":\"\n\n<p><a href=\\\"mailto:mhs@investeringog.dk\\\">mhs@investeringog.dk<\\\/a><\\\/p>\",\"margin\":\"default\"}}]},{\"type\":\"column\",\"props\":{\"image_position\":\"center-center\",\"position_sticky_breakpoint\":\"m\",\"width_medium\":\"1-4\",\"width_small\":\"1-2\"},\"children\":[{\"type\":\"image\",\"props\":{\"image\":\"wp-content\\\/uploads\\\/2024\\\/01\\\/mette.png\",\"image_height\":\"300\",\"image_svg_color\":\"emphasis\",\"image_width\":\"300\",\"margin\":\"default\"}},{\"type\":\"text\",\"props\":{\"column_breakpoint\":\"m\",\"content\":\"\n\n<p><span>Mette Schmidt<\\\/span><\\\/p>\",\"margin\":\"default\",\"text_style\":\"lead\"}},{\"type\":\"text\",\"props\":{\"column_breakpoint\":\"m\",\"content\":\"\n\n<h6><span>Chefkonsulent og b\\u00e6redygtighedskoordinator<\\\/span><\\\/h6>\",\"margin\":\"default\",\"text_style\":\"meta\"}},{\"type\":\"text\",\"props\":{\"column_breakpoint\":\"m\",\"content\":\"\n\n<p><a href=\\\"mailto:mes@investeringog.dk\\\">mes@investeringog.dk<\\\/a><br \/><a href=\\\"tel:+4593882413\\\">Tlf. 93 88 24 13<\\\/a><\\\/p><\\\/p>\",\"margin\":\"default\"}}]},{\"type\":\"column\",\"props\":{\"image_position\":\"center-center\",\"position_sticky_breakpoint\":\"m\",\"width_medium\":\"1-4\",\"width_small\":\"1-2\"},\"children\":[{\"type\":\"image\",\"props\":{\"image\":\"wp-content\\\/uploads\\\/2024\\\/01\\\/frank.jpg\",\"image_height\":\"300\",\"image_svg_color\":\"emphasis\",\"image_width\":\"300\",\"margin\":\"default\"}},{\"type\":\"text\",\"props\":{\"column_breakpoint\":\"m\",\"content\":\"\n\n<p><span>Frank Ib Andersen<\\\/span><\\\/p>\",\"margin\":\"default\",\"text_style\":\"lead\"}},{\"type\":\"text\",\"props\":{\"column_breakpoint\":\"m\",\"content\":\"\n\n<h6><span>Freelance B\\u00e6redygtighedskoordinator<\\\/span><\\\/h6>\",\"margin\":\"default\",\"text_style\":\"meta\"}},{\"type\":\"text\",\"props\":{\"column_breakpoint\":\"m\",\"content\":\"\n\n<p><a href=\\\"tel:+4551923035\\\">Tlf. 51 92 30 35<\\\/a><\\\/p>\",\"margin\":\"default\"}}]}]}]}],\"version\":\"4.2.13\"} --><\/p>\n","protected":false},"excerpt":{"rendered":"<p>Om os B\u00e6redygtighed betyder at vi passer p\u00e5 de ressourcer vi har, s\u00e5 fremtidige generationer ogs\u00e5 kan f\u00e5 gavn af naturens ressourcer. Vi m\u00e5 ikke stille de n\u00e6ste generationer d\u00e5rligere. Investering &#038; Klima er dedikeret til at g\u00f8re klimaregnskaber og ESG-rapporter tilg\u00e6ngelige og overkommelige for alle sm\u00e5-og mellemstore virksomheder. Vores m\u00e5l er, at enhver virksomhed, [&hellip;]<\/p>\n","protected":false},"author":2,"featured_media":0,"parent":0,"menu_order":0,"comment_status":"closed","ping_status":"closed","template":"","meta":{"footnotes":""},"class_list":["post-384","page","type-page","status-publish","hentry"],"_links":{"self":[{"href":"https:\/\/investeringogklima.dk\/index.php\/wp-json\/wp\/v2\/pages\/384","targetHints":{"allow":["GET"]}}],"collection":[{"href":"https:\/\/investeringogklima.dk\/index.php\/wp-json\/wp\/v2\/pages"}],"about":[{"href":"https:\/\/investeringogklima.dk\/index.php\/wp-json\/wp\/v2\/types\/page"}],"author":[{"embeddable":true,"href":"https:\/\/investeringogklima.dk\/index.php\/wp-json\/wp\/v2\/users\/2"}],"replies":[{"embeddable":true,"href":"https:\/\/investeringogklima.dk\/index.php\/wp-json\/wp\/v2\/comments?post=384"}],"version-history":[{"count":326,"href":"https:\/\/investeringogklima.dk\/index.php\/wp-json\/wp\/v2\/pages\/384\/revisions"}],"predecessor-version":[{"id":2287,"href":"https:\/\/investeringogklima.dk\/index.php\/wp-json\/wp\/v2\/pages\/384\/revisions\/2287"}],"wp:attachment":[{"href":"https:\/\/investeringogklima.dk\/index.php\/wp-json\/wp\/v2\/media?parent=384"}],"curies":[{"name":"wp","href":"https:\/\/api.w.org\/{rel}","templated":true}]}}